{"id":71,"date":"2021-01-06T22:39:46","date_gmt":"2021-01-06T22:39:46","guid":{"rendered":"http:\/\/podprad.eu\/?page_id=71"},"modified":"2021-02-18T15:24:07","modified_gmt":"2021-02-18T15:24:07","slug":"cennik","status":"publish","type":"page","link":"http:\/\/podprad.eu\/index.php\/cennik\/","title":{"rendered":"Cennik"},"content":{"rendered":"\r\n<p>Cen\u0119 dostosowujemy indywidualnie dla ka\u017cdego klienta w zale\u017cno\u015bci od wielko\u015bci instalacji.<\/p>\r\n<p>Instalacje fotowoltaiczne wyceniane dopiero po bezp\u0142atnej konsultacji, gdy\u017c cena jest zale\u017cna od rodzaju dachu, zastosowanych paneli czy falownika.<\/p>\r\n<p>Przybli\u017cona cena instalacji brutto za 1kW mocy:<\/p>\r\n<p style=\"padding-left: 40px;\">Instalacja jednofazowa do 3kW od 5 500 z\u0142 za 1 kW<\/p>\r\n<p style=\"padding-left: 40px;\">Instalacja tr\u00f3jfazowa do 5kW od 5 000 z\u0142 za 1 kW<\/p>\r\n<p style=\"padding-left: 40px;\">Instalacja tr\u00f3jfazowa do 8kW od 4 500 z\u0142 za 1 kW<\/p>\r\n<p style=\"padding-left: 40px;\">Instalacja tr\u00f3jfazowa do 10kW od 4 200 z\u0142 za 1 kW<\/p>\r\n<p style=\"padding-left: 40px;\">Instalacja tr\u00f3jfazowa powy\u017cej 12kW od 4 000 z\u0142 za 1 kW<\/p>\r\n\r\n\r\n\r\n<p>Wycena pracy jest u nas bezp\u0142atna. Po akceptacji kosztorysu oraz wykonaniu prac ka\u017cdy z klient\u00f3w ma mo\u017cliwo\u015b\u0107 otrzymania faktury VAT na zrealizowane us\u0142ugi.<\/p>\r\n\r\n\r\n\r\n<p>Przewidujemy konkurencyjne ceny dla projektant\u00f3w wn\u0119trz oraz kontrahent\u00f3w zainteresowanych sta\u0142\u0105 wsp\u00f3\u0142prac\u0105.<\/p>\r\n<p>&nbsp;<\/p>\r\n<p>&nbsp;<\/p>","protected":false},"excerpt":{"rendered":"<p>Cen\u0119 dostosowujemy indywidualnie dla ka\u017cdego klienta w zale\u017cno\u015bci od wielko\u015bci instalacji. Instalacje fotowoltaiczne wyceniane dopiero po bezp\u0142atnej konsultacji, gdy\u017c cena jest zale\u017cna od rodzaju dachu, zastosowanych paneli czy falownika. Przybli\u017cona cena instalacji brutto za 1kW mocy: Instalacja jednofazowa do 3kW od 5 500 z\u0142 za 1 kW Instalacja tr\u00f3jfazowa do 5kW od 5 000 z\u0142 [&hellip;]<\/p>\n","protected":false},"author":1,"featured_media":0,"parent":0,"menu_order":0,"comment_status":"closed","ping_status":"closed","template":"","meta":{"_monsterinsights_skip_tracking":false,"_monsterinsights_sitenote_active":false,"_monsterinsights_sitenote_note":"","_monsterinsights_sitenote_category":0},"_links":{"self":[{"href":"http:\/\/podprad.eu\/index.php\/wp-json\/wp\/v2\/pages\/71"}],"collection":[{"href":"http:\/\/podprad.eu\/index.php\/wp-json\/wp\/v2\/pages"}],"about":[{"href":"http:\/\/podprad.eu\/index.php\/wp-json\/wp\/v2\/types\/page"}],"author":[{"embeddable":true,"href":"http:\/\/podprad.eu\/index.php\/wp-json\/wp\/v2\/users\/1"}],"replies":[{"embeddable":true,"href":"http:\/\/podprad.eu\/index.php\/wp-json\/wp\/v2\/comments?post=71"}],"version-history":[{"count":29,"href":"http:\/\/podprad.eu\/index.php\/wp-json\/wp\/v2\/pages\/71\/revisions"}],"predecessor-version":[{"id":507,"href":"http:\/\/podprad.eu\/index.php\/wp-json\/wp\/v2\/pages\/71\/revisions\/507"}],"wp:attachment":[{"href":"http:\/\/podprad.eu\/index.php\/wp-json\/wp\/v2\/media?parent=71"}],"curies":[{"name":"wp","href":"https:\/\/api.w.org\/{rel}","templated":true}]}}