{"id":93,"date":"2021-01-06T23:00:20","date_gmt":"2021-01-06T23:00:20","guid":{"rendered":"http:\/\/podprad.eu\/?page_id=93"},"modified":"2021-01-18T19:54:40","modified_gmt":"2021-01-18T19:54:40","slug":"instalacje-elektryczne","status":"publish","type":"page","link":"http:\/\/podprad.eu\/index.php\/instalacje-elektryczne\/","title":{"rendered":"Instalacje elektryczne"},"content":{"rendered":"\n<div class=\"wp-block-group\"><div class=\"wp-block-group__inner-container\"><\/div><\/div>\n\n\n\n<div class=\"wp-block-group\"><div class=\"wp-block-group__inner-container\"><div id=\"grid-gallery-4-2766\" data-gg-id=\"4\" data-title=\"Instalacje elektryczne\" data-grid-type=\"2\" data-offset=\"5.3\" data-area-position=\"center\" data-icons=\"false\" data-preloader=\"true\" data-width=\"auto\" data-height=\"215\" data-padding=\"0\" data-quicksand=\"disabled\" data-quicksand-duration=\"none\" data-popup-theme=\"theme_1\" data-popup-type=\"colorbox\" data-popup-fadeOut=\"300\" data-popup-image-text=\"data-description\" data-popup-widthsize=\"auto\" data-popup-heightsize=\"auto\" data-popup-i18n-words=\"{&quot;close&quot;:&quot;close&quot;,&quot;next&quot;:&quot;next&quot;,&quot;previous&quot;:&quot;previous&quot;,&quot;start_slideshow&quot;:&quot;start slideshow&quot;,&quot;stop_slideshow&quot;:&quot;stop slideshow&quot;,&quot;image&quot;:&quot;image&quot;,&quot;of&quot;:&quot;of&quot;,&quot;prev&quot;:&quot;prev&quot;,&quot;cExpand&quot;:&quot;Expand&quot;,&quot;cPrevious&quot;:&quot;Previous&quot;,&quot;cNext&quot;:&quot;Next&quot;,&quot;cExpandStr&quot;:&quot;Expand the image&quot;,&quot;cRotate&quot;:&quot;Rotate&quot;,&quot;cDetails&quot;:&quot;Details&quot;}\" data-popup-slideshow=\"false\" data-popup-slideshow-speed=\"2500\" data-popup-hoverstop=\"true\" data-popup-slideshow-auto=\"false\" data-popup-background=\"\" data-popup-transparency=\"30\" data-popup-disable-history=\"\" data-popup-disable-changed-url=\"\" data-popup-border-type=\"solid\" data-popup-border-color=\"\" data-popup-border-width=\"\" data-popup-border-enable=\"\" data-fullscreen=\"false\" data-hide-tooltip=\"false\" data-caption-font-family=\"Default\" data-caption-text-size=\"14px\" data-is-mobile=\"0\" data-caption-mobile=\"false\" data-hide-long-tltp-title=\"0\" data-caption-disabled-on-mobile=\"false\" data-lazyload-enable='1' data-lazyload-effect=\"show\" data-lazyload-effect-duration=\"400\" data-popup-placement-type=\"0\" data-social-sharing=\"{&quot;enabled&quot;:&quot;&quot;,&quot;gallerySharing&quot;:{&quot;enabled&quot;:null,&quot;position&quot;:null},&quot;imageSharing&quot;:{&quot;enabled&quot;:null,&quot;wrapperClass&quot;:&quot; vertical \\n &quot;},&quot;popupSharing&quot;:{&quot;enabled&quot;:null,&quot;wrapperClass&quot;:&quot; vertical \\n &quot;}}\" class=\"grid-gallery grid-gallery-fixed \" style=\" width:100%; height:auto ; margin-left:auto; margin-right:auto; position:relative;\" > <div class=\"gallery-loading\"> <div class=\"blocks\"> <div class=\"block\"><\/div> <div class=\"block\"><\/div> <div class=\"block\"><\/div> <div class=\"block\"><\/div> <\/div> <\/div> <div class=\"gallery-sharing-top\"><\/div> <div id=\"photos-4\" class=\"grid-gallery-photos \" > <a id=\"gg-4-63\" class=\"gg-link gg-colorbox \" data-attachment-id=\"173\" href=\"http:\/\/podprad.eu\/wp-content\/uploads\/2021\/01\/Sala-biesiadna-fot-2.jpg?gid=4\" target=\"_self\" title=\"Sala biesiadna - o\u015bwietlenie dekoracyjne\" rel=\"\" style=\"border-radius: 20px;\" ><FIGURE class=\"grid-gallery-caption shadow-show \" data-grid-gallery-type=\"quarter-two-step\" data-index=\"0\" style=\"display:none;border-radius: 20px; box-shadow: 2px 4px 5px #000000; ; margin: 2.65px; height:215px; width:auto;\" ><div class=\"crop \" style=\" \"><img data-gg-real-image-href=\"http:\/\/podprad.eu\/wp-content\/uploads\/2021\/01\/Sala-biesiadna-fot-2-323x215.jpg\" src=\"http:\/\/podprad.eu\/wp-content\/plugins\/gallery-by-supsystic\/src\/GridGallery\/Galleries\/assets\/img\/loading.gif\" class=\"ggImg ggLazyImg ggNotInitImg\" alt=\"Sala biesiadna - o\u015bwietlenie dekoracyjne\" title=\"Sala biesiadna - o\u015bwietlenie dekoracyjne\" data-description=\"Sala biesiadna - o\u015bwietlenie dekoracyjne\" data-caption=\"Sala biesiadna - o\u015bwietlenie dekoracyjne\" data-title=\"Sala biesiadna - o\u015bwietlenie dekoracyjne\" style=\" height:215px; width:auto; \" \/><\/div><FIGCAPTION class=\"\" data-alpha=\"5\" style=\"color:#ffffff; background-color:#0c0000; font-size:14px; text-align:left; font-family:Default;\" ><div class=\"grid-gallery-figcaption-wrap\" style=\" vertical-align:top; \"><\/div><\/FIGCAPTION><\/FIGURE><\/a> <a id=\"gg-4-64\" class=\"gg-link gg-colorbox \" data-attachment-id=\"172\" href=\"http:\/\/podprad.eu\/wp-content\/uploads\/2021\/01\/Sala-biesiadna-fot-1.jpg?gid=4\" target=\"_self\" title=\"Sala biesiadna - o\u015bwietlenie dekoracyjne\" rel=\"\" style=\"border-radius: 20px;\" ><FIGURE class=\"grid-gallery-caption shadow-show \" data-grid-gallery-type=\"quarter-two-step\" data-index=\"1\" style=\"display:none;border-radius: 20px; box-shadow: 2px 4px 5px #000000; ; margin: 2.65px; height:215px; width:auto;\" ><div class=\"crop \" style=\" \"><img data-gg-real-image-href=\"http:\/\/podprad.eu\/wp-content\/uploads\/2021\/01\/Sala-biesiadna-fot-1-323x215.jpg\" src=\"http:\/\/podprad.eu\/wp-content\/plugins\/gallery-by-supsystic\/src\/GridGallery\/Galleries\/assets\/img\/loading.gif\" class=\"ggImg ggLazyImg ggNotInitImg\" alt=\"Sala biesiadna - o\u015bwietlenie dekoracyjne\" title=\"Sala biesiadna - o\u015bwietlenie dekoracyjne\" data-description=\"Sala biesiadna - o\u015bwietlenie dekoracyjne\" data-caption=\"Sala biesiadna - o\u015bwietlenie dekoracyjne\" data-title=\"Sala biesiadna - o\u015bwietlenie dekoracyjne\" style=\" height:215px; width:auto; \" \/><\/div><FIGCAPTION class=\"\" data-alpha=\"5\" style=\"color:#ffffff; background-color:#0c0000; font-size:14px; text-align:left; font-family:Default;\" ><div class=\"grid-gallery-figcaption-wrap\" style=\" vertical-align:top; \"><\/div><\/FIGCAPTION><\/FIGURE><\/a> <a id=\"gg-4-60\" class=\"gg-link gg-colorbox \" data-attachment-id=\"179\" href=\"http:\/\/podprad.eu\/wp-content\/uploads\/2021\/01\/Zdjecie0170.jpg?gid=4\" target=\"_self\" title=\"Sala biesiadna - o\u015bwietlenie dekoracyjne\" rel=\"\" style=\"border-radius: 20px;\" ><FIGURE class=\"grid-gallery-caption shadow-show \" data-grid-gallery-type=\"quarter-two-step\" data-index=\"2\" style=\"display:none;border-radius: 20px; box-shadow: 2px 4px 5px #000000; ; margin: 2.65px; height:215px; width:auto;\" ><div class=\"crop \" style=\" \"><img data-gg-real-image-href=\"http:\/\/podprad.eu\/wp-content\/uploads\/2021\/01\/Zdjecie0170-287x215.jpg\" src=\"http:\/\/podprad.eu\/wp-content\/plugins\/gallery-by-supsystic\/src\/GridGallery\/Galleries\/assets\/img\/loading.gif\" class=\"ggImg ggLazyImg ggNotInitImg\" alt=\"Sala biesiadna - o\u015bwietlenie dekoracyjne\" title=\"Sala biesiadna - o\u015bwietlenie dekoracyjne\" data-description=\"Sala biesiadna - o\u015bwietlenie dekoracyjne\" data-caption=\"Sala biesiadna - o\u015bwietlenie dekoracyjne\" data-title=\"Sala biesiadna - o\u015bwietlenie dekoracyjne\" style=\" height:215px; width:auto; \" \/><\/div><FIGCAPTION class=\"\" data-alpha=\"5\" style=\"color:#ffffff; background-color:#0c0000; font-size:14px; text-align:left; font-family:Default;\" ><div class=\"grid-gallery-figcaption-wrap\" style=\" vertical-align:top; \"><\/div><\/FIGCAPTION><\/FIGURE><\/a> <a id=\"gg-4-69\" class=\"gg-link gg-colorbox \" data-attachment-id=\"166\" href=\"http:\/\/podprad.eu\/wp-content\/uploads\/2021\/01\/Gabinet-odnowy-biologicznej-fot-1-scaled.jpg?gid=4\" target=\"_self\" title=\"Instalacja w Gabinecie odnowy biologicznej\" rel=\"\" style=\"border-radius: 20px;\" ><FIGURE class=\"grid-gallery-caption shadow-show \" data-grid-gallery-type=\"quarter-two-step\" data-index=\"3\" style=\"display:none;border-radius: 20px; box-shadow: 2px 4px 5px #000000; ; margin: 2.65px; height:215px; width:auto;\" ><div class=\"crop \" style=\" \"><img data-gg-real-image-href=\"http:\/\/podprad.eu\/wp-content\/uploads\/2021\/01\/Gabinet-odnowy-biologicznej-fot-1-scaled-322x215.jpg\" src=\"http:\/\/podprad.eu\/wp-content\/plugins\/gallery-by-supsystic\/src\/GridGallery\/Galleries\/assets\/img\/loading.gif\" class=\"ggImg ggLazyImg ggNotInitImg\" alt=\"Instalacja w Gabinecie odnowy biologicznej\" title=\"Instalacja w Gabinecie odnowy biologicznej\" data-description=\"Instalacja w Gabinecie odnowy biologicznej\" data-caption=\"Instalacja w Gabinecie odnowy biologicznej\" data-title=\"Instalacja w Gabinecie odnowy biologicznej\" style=\" height:215px; width:auto; \" \/><\/div><FIGCAPTION class=\"\" data-alpha=\"5\" style=\"color:#ffffff; background-color:#0c0000; font-size:14px; text-align:left; font-family:Default;\" ><div class=\"grid-gallery-figcaption-wrap\" style=\" vertical-align:top; \"><\/div><\/FIGCAPTION><\/FIGURE><\/a> <a id=\"gg-4-67\" class=\"gg-link gg-colorbox \" data-attachment-id=\"168\" href=\"http:\/\/podprad.eu\/wp-content\/uploads\/2021\/01\/Kamienica-fot-1-scaled.jpg?gid=4\" target=\"_self\" title=\"Kamienica - monta\u017c o\u015bwietlenia w nowoczesnej kuchni\" rel=\"\" style=\"border-radius: 20px;\" ><FIGURE class=\"grid-gallery-caption shadow-show \" data-grid-gallery-type=\"quarter-two-step\" data-index=\"4\" style=\"display:none;border-radius: 20px; box-shadow: 2px 4px 5px #000000; ; margin: 2.65px; height:215px; width:auto;\" ><div class=\"crop \" style=\" \"><img data-gg-real-image-href=\"http:\/\/podprad.eu\/wp-content\/uploads\/2021\/01\/Kamienica-fot-1-scaled-161x215.jpg\" src=\"http:\/\/podprad.eu\/wp-content\/plugins\/gallery-by-supsystic\/src\/GridGallery\/Galleries\/assets\/img\/loading.gif\" class=\"ggImg ggLazyImg ggNotInitImg\" alt=\"Kamienica - monta\u017c o\u015bwietlenia w nowoczesnej kuchni\" title=\"Kamienica - monta\u017c o\u015bwietlenia w nowoczesnej kuchni\" data-description=\"Kamienica - monta\u017c o\u015bwietlenia w nowoczesnej kuchni\" data-caption=\"Kamienica - monta\u017c o\u015bwietlenia w nowoczesnej kuchni\" data-title=\"Kamienica - monta\u017c o\u015bwietlenia w nowoczesnej kuchni\" style=\" height:215px; width:auto; \" \/><\/div><FIGCAPTION class=\"\" data-alpha=\"5\" style=\"color:#ffffff; background-color:#0c0000; font-size:14px; text-align:left; font-family:Default;\" ><div class=\"grid-gallery-figcaption-wrap\" style=\" vertical-align:top; \"><\/div><\/FIGCAPTION><\/FIGURE><\/a> <a id=\"gg-4-66\" class=\"gg-link gg-colorbox \" data-attachment-id=\"169\" href=\"http:\/\/podprad.eu\/wp-content\/uploads\/2021\/01\/Podczas-pracy-fot-1-scaled.jpg?gid=4\" target=\"_self\" title=\"Podczas prac instalacyjnych\" rel=\"\" style=\"border-radius: 20px;\" ><FIGURE class=\"grid-gallery-caption shadow-show \" data-grid-gallery-type=\"quarter-two-step\" data-index=\"5\" style=\"display:none;border-radius: 20px; box-shadow: 2px 4px 5px #000000; ; margin: 2.65px; height:215px; width:auto;\" ><div class=\"crop \" style=\" \"><img data-gg-real-image-href=\"http:\/\/podprad.eu\/wp-content\/uploads\/2021\/01\/Podczas-pracy-fot-1-scaled-322x215.jpg\" src=\"http:\/\/podprad.eu\/wp-content\/plugins\/gallery-by-supsystic\/src\/GridGallery\/Galleries\/assets\/img\/loading.gif\" class=\"ggImg ggLazyImg ggNotInitImg\" alt=\"Podczas prac instalacyjnych\" title=\"Podczas prac instalacyjnych\" data-description=\"Podczas prac instalacyjnych\" data-caption=\"Podczas prac instalacyjnych\" data-title=\"Podczas prac instalacyjnych\" style=\" height:215px; width:auto; \" \/><\/div><FIGCAPTION class=\"\" data-alpha=\"5\" style=\"color:#ffffff; background-color:#0c0000; font-size:14px; text-align:left; font-family:Default;\" ><div class=\"grid-gallery-figcaption-wrap\" style=\" vertical-align:top; \"><\/div><\/FIGCAPTION><\/FIGURE><\/a> <a id=\"gg-4-55\" class=\"gg-link gg-colorbox \" data-attachment-id=\"195\" href=\"http:\/\/podprad.eu\/wp-content\/uploads\/2021\/01\/Podczas-pracy-fot-2-1-scaled.jpg?gid=4\" target=\"_self\" title=\"Podczas pracy\" rel=\"\" style=\"border-radius: 20px;\" ><FIGURE class=\"grid-gallery-caption shadow-show \" data-grid-gallery-type=\"quarter-two-step\" data-index=\"6\" style=\"display:none;border-radius: 20px; box-shadow: 2px 4px 5px #000000; ; margin: 2.65px; height:215px; width:auto;\" ><div class=\"crop \" style=\" \"><img data-gg-real-image-href=\"http:\/\/podprad.eu\/wp-content\/uploads\/2021\/01\/Podczas-pracy-fot-2-1-scaled-322x215.jpg\" src=\"http:\/\/podprad.eu\/wp-content\/plugins\/gallery-by-supsystic\/src\/GridGallery\/Galleries\/assets\/img\/loading.gif\" class=\"ggImg ggLazyImg ggNotInitImg\" alt=\"Podczas pracy\" title=\"Podczas pracy\" data-description=\"Podczas pracy\" data-caption=\"Podczas pracy\" data-title=\"Podczas pracy\" style=\" height:215px; width:auto; \" \/><\/div><FIGCAPTION class=\"\" data-alpha=\"5\" style=\"color:#ffffff; background-color:#0c0000; font-size:14px; text-align:left; font-family:Default;\" ><div class=\"grid-gallery-figcaption-wrap\" style=\" vertical-align:top; \"><\/div><\/FIGCAPTION><\/FIGURE><\/a> <a id=\"gg-4-57\" class=\"gg-link gg-colorbox \" data-attachment-id=\"189\" href=\"http:\/\/podprad.eu\/wp-content\/uploads\/2021\/01\/Dom-jednorodzinny-fot-5-1-scaled.jpg?gid=4\" target=\"_self\" title=\"Uk\u0142adanie przewod\u00f3w przed tynkowaniem\" rel=\"\" style=\"border-radius: 20px;\" ><FIGURE class=\"grid-gallery-caption shadow-show \" data-grid-gallery-type=\"quarter-two-step\" data-index=\"7\" style=\"display:none;border-radius: 20px; box-shadow: 2px 4px 5px #000000; ; margin: 2.65px; height:215px; width:auto;\" ><div class=\"crop \" style=\" \"><img data-gg-real-image-href=\"http:\/\/podprad.eu\/wp-content\/uploads\/2021\/01\/Dom-jednorodzinny-fot-5-1-scaled-287x215.jpg\" src=\"http:\/\/podprad.eu\/wp-content\/plugins\/gallery-by-supsystic\/src\/GridGallery\/Galleries\/assets\/img\/loading.gif\" class=\"ggImg ggLazyImg ggNotInitImg\" alt=\"Uk\u0142adanie przewod\u00f3w przed tynkowaniem\" title=\"Uk\u0142adanie przewod\u00f3w przed tynkowaniem\" data-description=\"Uk\u0142adanie przewod\u00f3w przed tynkowaniem\" data-caption=\"Uk\u0142adanie przewod\u00f3w przed tynkowaniem\" data-title=\"Uk\u0142adanie przewod\u00f3w przed tynkowaniem\" style=\" height:215px; width:auto; \" \/><\/div><FIGCAPTION class=\"\" data-alpha=\"5\" style=\"color:#ffffff; background-color:#0c0000; font-size:14px; text-align:left; font-family:Default;\" ><div class=\"grid-gallery-figcaption-wrap\" style=\" vertical-align:top; \"><\/div><\/FIGCAPTION><\/FIGURE><\/a> <a id=\"gg-4-58\" class=\"gg-link gg-colorbox \" data-attachment-id=\"188\" href=\"http:\/\/podprad.eu\/wp-content\/uploads\/2021\/01\/Dom-jednorodzinny-fot-4-1-scaled.jpg?gid=4\" target=\"_self\" title=\"Uk\u0142adanie przewod\u00f3w przed zalaniem posadzki\" rel=\"\" style=\"border-radius: 20px;\" ><FIGURE class=\"grid-gallery-caption shadow-show \" data-grid-gallery-type=\"quarter-two-step\" data-index=\"8\" style=\"display:none;border-radius: 20px; box-shadow: 2px 4px 5px #000000; ; margin: 2.65px; height:215px; width:auto;\" ><div class=\"crop \" style=\" \"><img data-gg-real-image-href=\"http:\/\/podprad.eu\/wp-content\/uploads\/2021\/01\/Dom-jednorodzinny-fot-4-1-scaled-322x215.jpg\" src=\"http:\/\/podprad.eu\/wp-content\/plugins\/gallery-by-supsystic\/src\/GridGallery\/Galleries\/assets\/img\/loading.gif\" class=\"ggImg ggLazyImg ggNotInitImg\" alt=\"Uk\u0142adanie przewod\u00f3w przed zalaniem posadzki\" title=\"Uk\u0142adanie przewod\u00f3w przed zalaniem posadzki\" data-description=\"Uk\u0142adanie przewod\u00f3w przed zalaniem posadzki\" data-caption=\"Uk\u0142adanie przewod\u00f3w przed zalaniem posadzki\" data-title=\"Uk\u0142adanie przewod\u00f3w przed zalaniem posadzki\" style=\" height:215px; width:auto; \" \/><\/div><FIGCAPTION class=\"\" data-alpha=\"5\" style=\"color:#ffffff; background-color:#0c0000; font-size:14px; text-align:left; font-family:Default;\" ><div class=\"grid-gallery-figcaption-wrap\" style=\" vertical-align:top; \"><\/div><\/FIGCAPTION><\/FIGURE><\/a> <a id=\"gg-4-59\" class=\"gg-link gg-colorbox \" data-attachment-id=\"187\" href=\"http:\/\/podprad.eu\/wp-content\/uploads\/2021\/01\/Dom-jednorodzinny-fot-3-1-scaled.jpg?gid=4\" target=\"_self\" title=\"Osadzanie rozdzielnicy w domku\" rel=\"\" style=\"border-radius: 20px;\" ><FIGURE class=\"grid-gallery-caption shadow-show \" data-grid-gallery-type=\"quarter-two-step\" data-index=\"9\" style=\"display:none;border-radius: 20px; box-shadow: 2px 4px 5px #000000; ; margin: 2.65px; height:215px; width:auto;\" ><div class=\"crop \" style=\" \"><img data-gg-real-image-href=\"http:\/\/podprad.eu\/wp-content\/uploads\/2021\/01\/Dom-jednorodzinny-fot-3-1-scaled-143x215.jpg\" src=\"http:\/\/podprad.eu\/wp-content\/plugins\/gallery-by-supsystic\/src\/GridGallery\/Galleries\/assets\/img\/loading.gif\" class=\"ggImg ggLazyImg ggNotInitImg\" alt=\"Osadzanie rozdzielnicy w domku\" title=\"Osadzanie rozdzielnicy w domku\" data-description=\"Osadzanie rozdzielnicy w domku\" data-caption=\"Osadzanie rozdzielnicy w domku\" data-title=\"Osadzanie rozdzielnicy w domku\" style=\" height:215px; width:auto; \" \/><\/div><FIGCAPTION class=\"\" data-alpha=\"5\" style=\"color:#ffffff; background-color:#0c0000; font-size:14px; text-align:left; font-family:Default;\" ><div class=\"grid-gallery-figcaption-wrap\" style=\" vertical-align:top; \"><\/div><\/FIGCAPTION><\/FIGURE><\/a> <a id=\"gg-4-56\" class=\"gg-link gg-colorbox \" data-attachment-id=\"192\" href=\"http:\/\/podprad.eu\/wp-content\/uploads\/2021\/01\/Przebudowa-starych-rozdzielnic-1-scaled.jpg?gid=4\" target=\"_self\" title=\"Przebudowa starych rozdzielnic\" rel=\"\" style=\"border-radius: 20px;\" ><FIGURE class=\"grid-gallery-caption shadow-show \" data-grid-gallery-type=\"quarter-two-step\" data-index=\"10\" style=\"display:none;border-radius: 20px; box-shadow: 2px 4px 5px #000000; ; margin: 2.65px; height:215px; width:auto;\" ><div class=\"crop \" style=\" \"><img data-gg-real-image-href=\"http:\/\/podprad.eu\/wp-content\/uploads\/2021\/01\/Przebudowa-starych-rozdzielnic-1-scaled-287x215.jpg\" src=\"http:\/\/podprad.eu\/wp-content\/plugins\/gallery-by-supsystic\/src\/GridGallery\/Galleries\/assets\/img\/loading.gif\" class=\"ggImg ggLazyImg ggNotInitImg\" alt=\"Przebudowa starych rozdzielnic\" title=\"Przebudowa starych rozdzielnic\" data-description=\"Przebudowa starych rozdzielnic\" data-caption=\"Przebudowa starych rozdzielnic\" data-title=\"Przebudowa starych rozdzielnic\" style=\" height:215px; width:auto; \" \/><\/div><FIGCAPTION class=\"\" data-alpha=\"5\" style=\"color:#ffffff; background-color:#0c0000; font-size:14px; text-align:left; font-family:Default;\" ><div class=\"grid-gallery-figcaption-wrap\" style=\" vertical-align:top; \"><\/div><\/FIGCAPTION><\/FIGURE><\/a> <a id=\"gg-4-68\" class=\"gg-link gg-colorbox \" data-attachment-id=\"167\" href=\"http:\/\/podprad.eu\/wp-content\/uploads\/2021\/01\/Gabinet-odnowy-biologicznej-fot-8-scaled.jpg?gid=4\" target=\"_self\" title=\"Przerobiona rodzdzielnica w mieszkaniu\" rel=\"\" style=\"border-radius: 20px;\" ><FIGURE class=\"grid-gallery-caption shadow-show \" data-grid-gallery-type=\"quarter-two-step\" data-index=\"11\" style=\"display:none;border-radius: 20px; box-shadow: 2px 4px 5px #000000; ; margin: 2.65px; height:215px; width:auto;\" ><div class=\"crop \" style=\" \"><img data-gg-real-image-href=\"http:\/\/podprad.eu\/wp-content\/uploads\/2021\/01\/Gabinet-odnowy-biologicznej-fot-8-scaled-143x215.jpg\" src=\"http:\/\/podprad.eu\/wp-content\/plugins\/gallery-by-supsystic\/src\/GridGallery\/Galleries\/assets\/img\/loading.gif\" class=\"ggImg ggLazyImg ggNotInitImg\" alt=\"Przerobiona rodzdzielnica w mieszkaniu\" title=\"Przerobiona rodzdzielnica w mieszkaniu\" data-description=\"Przerobiona rodzdzielnica w mieszkaniu\" data-caption=\"Przerobiona rodzdzielnica w mieszkaniu\" data-title=\"Przerobiona rodzdzielnica w mieszkaniu\" style=\" height:215px; width:auto; \" \/><\/div><FIGCAPTION class=\"\" data-alpha=\"5\" style=\"color:#ffffff; background-color:#0c0000; font-size:14px; text-align:left; font-family:Default;\" ><div class=\"grid-gallery-figcaption-wrap\" style=\" vertical-align:top; \"><\/div><\/FIGCAPTION><\/FIGURE><\/a> <a id=\"gg-4-62\" class=\"gg-link gg-colorbox \" data-attachment-id=\"174\" href=\"http:\/\/podprad.eu\/wp-content\/uploads\/2021\/01\/zyrandol-Krysztalowy-scaled.jpg?gid=4\" target=\"_self\" title=\"\u017cyrandol Kryszta\u0142owy - sk\u0142adanie oraz monta\u017c\" rel=\"\" style=\"border-radius: 20px;\" ><FIGURE class=\"grid-gallery-caption shadow-show \" data-grid-gallery-type=\"quarter-two-step\" data-index=\"12\" style=\"display:none;border-radius: 20px; box-shadow: 2px 4px 5px #000000; ; margin: 2.65px; height:215px; width:auto;\" ><div class=\"crop \" style=\" \"><img data-gg-real-image-href=\"http:\/\/podprad.eu\/wp-content\/uploads\/2021\/01\/zyrandol-Krysztalowy-scaled-143x215.jpg\" src=\"http:\/\/podprad.eu\/wp-content\/plugins\/gallery-by-supsystic\/src\/GridGallery\/Galleries\/assets\/img\/loading.gif\" class=\"ggImg ggLazyImg ggNotInitImg\" alt=\"\u017cyrandol Kryszta\u0142owy - sk\u0142adanie oraz monta\u017c\" title=\"\u017cyrandol Kryszta\u0142owy - sk\u0142adanie oraz monta\u017c\" data-description=\"\u017cyrandol Kryszta\u0142owy - sk\u0142adanie oraz monta\u017c\" data-caption=\"\u017cyrandol Kryszta\u0142owy - sk\u0142adanie oraz monta\u017c\" data-title=\"\u017cyrandol Kryszta\u0142owy - sk\u0142adanie oraz monta\u017c\" style=\" height:215px; width:auto; \" \/><\/div><FIGCAPTION class=\"\" data-alpha=\"5\" style=\"color:#ffffff; background-color:#0c0000; font-size:14px; text-align:left; font-family:Default;\" ><div class=\"grid-gallery-figcaption-wrap\" style=\" vertical-align:top; \"><\/div><\/FIGCAPTION><\/FIGURE><\/a> <a id=\"gg-4-61\" class=\"gg-link gg-colorbox \" data-attachment-id=\"175\" href=\"http:\/\/podprad.eu\/wp-content\/uploads\/2021\/01\/zyrandol-osmiornica-scaled.jpg?gid=4\" target=\"_self\" title=\"O\u015bwietlenie mieszkania\" rel=\"\" style=\"border-radius: 20px;\" ><FIGURE class=\"grid-gallery-caption shadow-show \" data-grid-gallery-type=\"quarter-two-step\" data-index=\"13\" style=\"display:none;border-radius: 20px; box-shadow: 2px 4px 5px #000000; ; margin: 2.65px; height:215px; width:auto;\" ><div class=\"crop \" style=\" \"><img data-gg-real-image-href=\"http:\/\/podprad.eu\/wp-content\/uploads\/2021\/01\/zyrandol-osmiornica-scaled-287x215.jpg\" src=\"http:\/\/podprad.eu\/wp-content\/plugins\/gallery-by-supsystic\/src\/GridGallery\/Galleries\/assets\/img\/loading.gif\" class=\"ggImg ggLazyImg ggNotInitImg\" alt=\"O\u015bwietlenie mieszkania\" title=\"O\u015bwietlenie mieszkania\" data-description=\"O\u015bwietlenie mieszkania\" data-caption=\"O\u015bwietlenie mieszkania\" data-title=\"O\u015bwietlenie mieszkania\" style=\" height:215px; width:auto; \" \/><\/div><FIGCAPTION class=\"\" data-alpha=\"5\" style=\"color:#ffffff; background-color:#0c0000; font-size:14px; text-align:left; font-family:Default;\" ><div class=\"grid-gallery-figcaption-wrap\" style=\" vertical-align:top; \"><\/div><\/FIGCAPTION><\/FIGURE><\/a> <div class=\"grid-gallery-clearfix\"><\/div> <\/div> <div class=\"gallery-sharing-bottom\"><\/div> <div class=\"grid-gallery-clearfix\"><\/div> <\/div> <!-- Gallery by Supsystic plugin 1.14.10 -->\n<\/div><\/div>\n\n\n\n<p><\/p>\n","protected":false},"excerpt":{"rendered":"","protected":false},"author":1,"featured_media":0,"parent":0,"menu_order":0,"comment_status":"closed","ping_status":"closed","template":"","meta":{"_monsterinsights_skip_tracking":false,"_monsterinsights_sitenote_active":false,"_monsterinsights_sitenote_note":"","_monsterinsights_sitenote_category":0},"_links":{"self":[{"href":"http:\/\/podprad.eu\/index.php\/wp-json\/wp\/v2\/pages\/93"}],"collection":[{"href":"http:\/\/podprad.eu\/index.php\/wp-json\/wp\/v2\/pages"}],"about":[{"href":"http:\/\/podprad.eu\/index.php\/wp-json\/wp\/v2\/types\/page"}],"author":[{"embeddable":true,"href":"http:\/\/podprad.eu\/index.php\/wp-json\/wp\/v2\/users\/1"}],"replies":[{"embeddable":true,"href":"http:\/\/podprad.eu\/index.php\/wp-json\/wp\/v2\/comments?post=93"}],"version-history":[{"count":17,"href":"http:\/\/podprad.eu\/index.php\/wp-json\/wp\/v2\/pages\/93\/revisions"}],"predecessor-version":[{"id":215,"href":"http:\/\/podprad.eu\/index.php\/wp-json\/wp\/v2\/pages\/93\/revisions\/215"}],"wp:attachment":[{"href":"http:\/\/podprad.eu\/index.php\/wp-json\/wp\/v2\/media?parent=93"}],"curies":[{"name":"wp","href":"https:\/\/api.w.org\/{rel}","templated":true}]}}